49860?
0
What is the ten millions digit of 6294147775?
9
What is the hundreds digit of 36688973?
9
What is the ten millions digit of 160717130?
6
What is the units digit of 317649326?
6
What is the hundred millions digit of 5100057259?
1
What is the ten millions digit of 2893015068?
9
What is the hundreds digit of 53444803?
8
What is the ten thousands digit of 10207472?
0
What is the hundreds digit of 8236091?
0
What is the ten millions digit of 883823992?
8
What is the millions digit of 3636131585?
6
What is the millions digit of 17914170?
7
What is the millions digit of 68646806?
8
What is the millions digit of 591121040?
1
What is the units digit of 1605094258?
8
What is the ten thousands digit of 48091753?
9
What is the hundreds digit of 1136075814?
8
What is the hundreds digit of 901055745?
7
What is the ten thousands digit of 599434373?
3
What is the millions digit of 46612019?
6
What is the ten thousands digit of 2561476724?
7
What is the ten millions digit of 302415974?
0
What is the hundred thousands digit of 10342488?
3
What is the ten thousands digit of 2228576904?
7
What is the ten thousands digit of 1983846259?
4
What is the ten thousands digit of 3049531883?
3
What is the hundred thousands digit of 100017517?
0
What is the ten millions digit of 396413197?
9
What is the hundred thousands digit of 42626830?
6
What is the hundreds digit of 27260202?
2
What is the millions digit of 19962366?
9
What is the hundred thousands digit of 477169369?
1
What is the hundreds digit of 175259267?
2
What is the ten thousands digit of 14800933?
0
What is the ten millions digit of 650259576?
5
What is the ten thousands digit of 517737593?
3
What is the hundreds digit of 404301936?
9
What is the ten thousands digit of 702168381?
6
What is the units digit of 88869169?
9
What is the ten thousands digit of 1297477180?
7
What is the units digit of 22581533?
3
What is the units digit of 1752635349?
9
What is the ten millions digit of 39710265?
3
What is the ten millions digit of 75118150?
7
What is the hundred thousands digit of 5313919?
3
What is the thousands digit of 45002101?
2
What is the hundreds digit of 2883264780?
7
What is the thousands digit of 23201955?
1
What is the hundred millions digit of 476392796?
4
What is the hundreds digit of 122002257?
2
What is the tens digit of 94885819?
1
What is the hundred thousands digit of 20790507?
7
What is the units digit of 1443053299?
9
What is the tens digit of 1441776296?
9
What is the hundred thousands digit of 1660272429?
2
What is the hundred thousands digit of 1127170218?
1
What is the ten thousands digit of 4861280742?
8
What is the units digit of 231133205?
5
What is the millions digit of 616718794?
6
What is the thousands digit of 589076645?
6
What is the millions digit of 279580173?
9
What is the hundred thousands digit of 31142890?
1
What is the units digit of 647352755?
5
What is the hundred thousands digit of 137693030?
6
What is the units digit of 73750829?
9
What is the ten thousands digit of 10678123?
7
What is the units digit of 655586608?
8
What is the thousands digit of 45347436?
7
What is the tens digit of 477953423?
2
What is the millions digit of 124567004?
4
What is the ten thousands digit of 470131787?
3
What is the tens digit of 19011834?
3
What is the ten millions digit of 702068019?
0
What is the units digit of 432112944?
4
What is the hundred thousands digit of 264617602?
6
What is the ten millions digit of 8048727124?
4
What is the ten thousands digit of 44359407?
5
What is the thousands digit of 36613994?
3
What is the ten millions digit of 27020678?
2
What is the ten millions digit of 474850428?
7
What is the ten millions digit of 4194673191?
9
What is the thousands digit of 6903945443?
5
What is the tens digit of 405106099?
9
What is the hundred thousands digit of 100661661?
6
What is the tens digit of 4688401?
0
What is the ten millions digit of 742571032?
4
What is the tens digit of 2576673797?
9
What is the billions digit of 2429800096?
2
What is the ten millions digit of 1030799331?
3
What is the ten millions digit of 49523294?
4
What is the ten thousands digit of 279777170?
7
What is the hundreds digit of 1254268243?
2
What is the units digit of 142334896?
6
What is the hundred thousands digit of 488452879?
4
What is the hundred thousands digit of 245906273?
9
What is the thousands digit of 194732024?
2
What is the thousands digit of 3849321160?
1
What is the millions digit of 2795304431?
5
What is the millions digit of 40662170?
0
What is the tens digit of 19489172?
7
What is the hundreds digit of 1451306540?
5
What is the hundred thousands digit of 32284862?
2
What is the millions digit of 1196567540?
6
What is the ten millions digit of 17658789?
1
What is the thousands digit of 398280786?
0
What is the millions digit of 2552492111?
2
What is the ten thousands digit of 1753160531?
6
What is the tens digit of 5323794962?
6
What is the hundred thousands digit of 245304435?
3
What is the ten millions digit of 45838541?
4
What is the thousands digit of 124399788?
9
What is the hundreds digit of 247915173?
1
What is the millions digit of 34595704?
4
What is the units digit of 15282494?
4
What is the hundred thousands digit of 3713393191?
3
What is the ten thousands digit of 909635838?
3
What is the tens digit of 5651263984?
8
What is the hundred thousands digit of 7060561980?
5
What is the units digit of 31935814?
4
What is the thousands digit of 213763030?
3
What is the ten thousands digit of 108111283?
1
What is the millions digit of 24911093?
4
What is the hundreds digit of 565361264?
2
What is the ten millions digit of 342243669?
4
What is the hundreds digit of 273560449?
4
What is the hundred thousands digit of 48834276?
8
What is the hundred millions digit of 990037428?
9
What is the hundred thousands digit of 573224337?
2
What is the hundred thousands digit of 118966908?
9
What is the billions digit of 6516483823?
6
What is the units digit of 24231401?
1
What is the ten millions digit of 32060134?
3
What is the hundreds digit of 31068025?
0
What is the tens digit of 90722683?
8
What is the units digit of 13434606?
6
What is the tens digit of 390026202?
0
What is the millions digit of 233974688?
3
What is the ten millions digit of 191529605?
9
What is the ten thousands digit of 3761929441?
2
What is the units digit of 4185190292?
2
What is the tens digit of 1696935087?
8
What is the hundreds digit of 405462683?
6
What is the thousands digit of 3137014942?
4
What is the thousands digit of 157266670?
6
What is the hundred thousands digit of 291029566?
0
What is the tens digit of 22995081?
8
What is the hundred thousands digit of 20462280?
4
What is the hundred thousands digit of 78360130?
3
What is the hundred millions digit of 101033479?
1
What is the thousands digit of 697018709?
8
What is the ten thousands digit of 2057235670?
3
What is the hundreds digit of 2693163971?
9
What is the hundreds digit of 6198697?
6
What is the hundreds digit of 1691611009?
0
What is the hundreds digit of 473344816?
8
What is the hundred thousands digit of 99695013?
6
What is the thousands digit of 95698209?
8
What is the units digit of 121194095?
5
What is the hundred thousands digit of 83084989?
0
What is the hundreds digit of 1987069164?
1
What is the hundred millions digit of 255530255?
2
What is the tens digit of 241235646?
4
What is the ten thousands digit of 49145597?
4
What is the ten thousands digit of 123365198?
6
What is the ten thousands digit of 122455588?
5
What is the hundreds digit of 19425088?
0
What is the units digit of 133109998?
8
What is the ten millions digit of 3823455703?
2
What is the units digit of 105974181?
1
What is the ten millions digit of 733783628?
3
What is the hundred thousands digit of 29784900?
7
What is the hundred thousands digit of 1166971434?
9
What is the hundreds digit of 76653245?
2
What is the thousands digit of 1303370657?
0
What is the hundred millions digit of 8594781931?
5
What is the thousands digit of 73335513?
5
What is the hundred thousands digit of 440804516?
8
What is the billions digit of 2353671080?
2
What is the tens digit of 998491536?
3
What is the millions digit of 42375177?
2
What is the units digit of 249880474?
4
Wh